2. What is the greatest common divisor of u and 19?
19
Let b(w) = w**2 - 2*w - 3. Let o be b(4). Let f = 24 + 21. What is the greatest common factor of o and f?
5
Let r = 18 + -16. Suppose -r = -2*i + 38. What is the highest common divisor of i and 140?
20
Let r = -5 - -15. Suppose -2*l + 0*l - 84 = -2*j, -2*l = 2*j - 96. Suppose -g = -j + r. What is the greatest common factor of 5 and g?
5
Let c(x) = x + 11. Let k(b) = -2*b. Let h be k(4). Let t be c(h). Suppose 34 - 151 = -t*d. What is the highest common factor of 26 and d?
13
Let j = 23 + 48. Let m = -27 + j. What is the highest common factor of m and 11?
11
Let d = 45 + -40. Calculate the greatest common factor of 5 and d.
5
Let g(o) = -o**2 + 5*o - 2. Let k be g(3). Suppose k*h - p = p + 16, 3*h - 12 = 2*p. What is the highest common divisor of 8 and h?
4
Let w be (-5)/((-30)/(-8))*15/(-2). Suppose 0 = -3*p - 2*p + 100. What is the highest common divisor of w and p?
10
Let x(w) = -w**3 - 4*w**2 - w - 1. Let n be x(-4). Let c = -5 + 3. Let b be ((-5)/4)/(c/24). What is the greatest common divisor of n and b?
3
Let j = 6 - 6. Suppose -3*y - 38 + 263 = j. Calculate the greatest common divisor of 25 and y.
25
Let u be (-12 - -3 - 0) + -1. Let v be (-10 - u) + -1 + 17. What is the highest common factor of v and 96?
16
Suppose 0 = 2*g + 5*d - 2060, -2*d - 12 = d. Suppose -g + 360 = -5*f. Calculate the highest common divisor of f and 17.
17
Suppose 0 = -o - 2*b + 5, 5*o + 3*b - 25 = -0*o. What is the greatest common divisor of 45 and o?
5
Let g = -52 + 97. Let y = 4 - -5. What is the highest common divisor of y and g?
9
Let n = 6 - 3. Let h = -63 - -96. What is the greatest common factor of h and n?
3
Let g = -36 - -52. Suppose -4*j + g = -5*a, -4*a + 2*a = 5*j - 53. What is the highest common divisor of 9 and j?
9
Let w(j) = 13*j**2 - 3*j - 4. Let n be w(-2). What is the highest common factor of n and 27?
27
Let o = 1712 - 3149. Let n be 3/18 - o/18. Calculate the highest common divisor of 32 and n.
16
Suppose -2*d = b - 7, -4*d - 3*b = -9*d + 45. What is the greatest common divisor of d and 6?
6
Suppose -2*v - 72 = -3*z - 2*z, -4*z = 3*v - 76. Let k = -4 - -20. What is the highest common divisor of z and k?
16
Suppose 5*g + 5 = 20. Suppose -4*o = g*u - 35 + 15, -4*o = -5*u - 20. Calculate the greatest common divisor of o and 55.
5
Let r be (-455)/(-143) + (-2)/11. Suppose 2*z - r*z = -11. What is the greatest common factor of z and 121?
11
Let c be (-31 - (-2)/2) + 2. Let u be (-4)/(-14) + (-1672)/c. Suppose 5*b = 25, -2*t - 2*b = 25 - 83. What is the greatest common factor of t and u?
12
Suppose 4*y + 58 = 3*u, 2*y - 31 = -u + y. Calculate the greatest common factor of 91 and u.
13
Let n = -4 - -23. Let s be (-1 - -2) + 4 + n. What is the greatest common factor of 120 and s?
24
Suppose c + 66 = 4*c. Let x = -5 + 7. What is the greatest common divisor of x and c?
2
Let c(w) = 3*w**2 + 2. Let d be c(-2). Let m be (-3)/(-15) + 345/25. Calculate the highest common factor of m and d.
14
Let b be (-58 - -8)*16/(-10). Suppose 0 = -3*p - j + b, -4*p + 19 = 4*j - 77. Calculate the highest common factor of p and 7.
7
Let t = 25 + 0. What is the greatest common factor of 200 and t?
25
Let w be 0*(-3)/(2*3). Suppose w*a - 30 = -a. Let r = a - 0. What is the highest common divisor of r and 15?
15
Let u(z) = -2*z - 3. Let y be u(-2). Let b(v) = 71*v - 1. Let s be b(y). What is the greatest common divisor of s and 14?
14
Suppose 3*d - 2*g = 3*g + 44, 4 = 2*g. What is the highest common factor of 36 and d?
18
Let u = 545 + -329. Calculate the greatest common divisor of 27 and u.
27
Let a = 15 + -6. Let f(b) = 5*b**3 + 2*b**2 - 3*b + 3. Let t be f(2). Calculate the highest common divisor of t and a.
9
Let h be ((-4)/10)/(3/(-30)). Let r(a) = 18*a - 3. Let n be r(h). What is the greatest common factor of 23 and n?
23
Suppose 3*h - 3*y - 570 = 0, 3*h - y = -2*h + 958. What is the highest common divisor of 24 and h?
24
Let s = 5 - 1. Suppose 40 = 5*d - d - v, 29 = 5*d + s*v. What is the highest common factor of d and 27?
9
Let c(y) = 4 - 2*y**2 - y**2 + 4 + 2*y + 2*y**2. Let k be c(-8). Let o be (-4 - -3)/(2/k). Calculate the greatest common factor of o and 9.
9
Suppose 3*q - 7*b + 36 = -4*b, -2*b = -4*q - 40. Let l be (q/(-6) - 2)*-6. Suppose l*h = h + 147. Calculate the highest common factor of h and 7.
7
Let n(r) = r**2 + 5*r - 34. Let y be n(-10). What is the greatest common divisor of y and 8?
8
Let w = 22 - 16. Suppose -5*u + 4*n + 53 = -9, w = -2*n. Let s be (-1)/((-3)/(-16))*-15. Calculate the highest common factor of s and u.
10
Let f(k) = -k**3 - k**2 + 3*k - 4. Let c be f(-3). Let a = 36 - 21. What is the highest common factor of c and a?
5
Let p = -69 - -101. Let j(k) = -57*k - 1. Let x be j(-1). Let q be (-4)/6 + x/12. Calculate the highest common divisor of q and p.
4
Suppose 7*h - 270 = 4*h. Calculate the highest common divisor of 18 and h.
18
Let s = -1 - -3. Suppose s*g + 2*g = 0. Suppose -4*u + 6 = 2*y, g*u - 4*u = -5*y + 15. What is the highest common divisor of 3 and y?
3
Suppose -6 - 22 = -b - 3*h, -82 = -4*b + 3*h. Suppose 0 = -5*u - 4*s + 275, 0 = 5*u + s - 0*s - 275. Calculate the greatest common factor of b and u.
11
Let w = -31 + 75. What is the greatest common divisor of 4 and w?
4
Let v be (0 + 0 + 2)*1. Let o be 4 + 3/(-3)*v. Let m be (-42)/(-8) + o/(-8). What is the greatest common divisor of m and 25?
5
Suppose 3*f = -5*h + 530, -318 = -3*h - 6*f + 4*f. What is the greatest common factor of 265 and h?
53
Let y(m) = -m**3 + 6*m**2 - 4*m + 4. Let a be y(5). What is the greatest common divisor of a and 18?
9
Let m = -35 + 23. Let r be (18/(-1))/(m/16). What is the greatest common divisor of 8 and r?
8
Let o(w) = 3*w**2 - 8*w + 7. Let t be o(5). Calculate the highest common factor of 336 and t.
42
Let d = -25 - -52. Let c(j) = 6*j**2 - j - 2. Let a be c(-1). Suppose -a*p + 46 - 1 = 0. What is the highest common divisor of d and p?
9
Let u = 26 + -14. Let w be 2 - u/8*-2. What is the highest common divisor of 25 and w?
5
Let j = 15 - 32. Let q = j + 29. Suppose -2*b - 2*n + 8 = -40, 3*b - 4*n - 72 = 0. What is the highest common divisor of b and q?
12
Suppose 0 = 2*y - 2*n - 50, y = n - 5*n + 5. Suppose -5*h + 15 = -0*h. Calculate the greatest common factor of h and y.
3
Let c be (6/(-4))/((-3)/4). Suppose 0*s - c*s + 112 = 5*i, 4*i + 4*s - 92 = 0. Suppose 429 = 14*w - w. What is the highest common factor of w and i?
11
Let g(b) = 7*b**2 + 6*b + 6. Let h be g(-2). Calculate the highest common divisor of h and 242.
22
Suppose 1 = h, 3*u - 7 = u + h. Calculate the highest common divisor of u and 32.
4
Let k(f) = -f**3 - 2*f**2 + 13*f + 3. Let r be k(-5). What is the greatest common divisor of 26 and r?
13
Suppose 2*v + 3*c - 2*c = 1, 0 = 3*v - 4*c - 7. Let x be 18 + (1 - v) + -3. Suppose -3*p + 12 = -3. What is the greatest common factor of p and x?
5
Let v = -6 - -12. Let u(o) = o - 1. Let s be u(3). Suppose 0 = s*k + k - 162. Calculate the greatest common factor of k and v.
6
Suppose 0 = -2*h, -4*h = -5*x + h + 975. Calculate the greatest common divisor of x and 78.
39
Let a(w) = -w**3 - 5*w**2 + 3. Let k be a(-5). Let x = 5 - 3. Let b = k - x. Calculate the highest common factor of 3 and b.
1
Suppose 0 = 6*h - 45 - 15. What is the highest common factor of 25 and h?
5
Let m = 101 + -59. Suppose -3*v = 14 + 10. Let a = v + 14. Calculate the highest common factor of m and a.
6
Suppose -6*o - 2 + 140 = 0. Calculate the highest common divisor of o and 253.
23
Suppose 5*m = -2*n - 3*n, -4*m = 3*n. Suppose n = 4*r - 20 - 20. Calculate the greatest common divisor of r and 50.
10
Let g(w) = w + 2. Suppose -4*p = -0*m - 3*m - 2, -3*m = 3*p - 12. Let q be g(p). What is the greatest common factor of 36 and q?
4
Suppose 4*s + q + 55 = 208, -3*s + 2*q + 112 = 0. Calculate the highest common factor of s and 190.
38
Suppose -2*s = n - 30, 7 = -4*n - 9. Suppose 5*d = 62 - s. Suppose v + 32 = 3*c, 5*c - v = 3*c + 23. What is the greatest common divisor of d and c?
9
Let j(y) = 2*y**2 - 7*y - 18. Let k be j(10). Calculate the highest common factor of 16 and k.
16
Let i(s) = -7*s - 3. Let a(w) = -w. Let q(x) = -18*a(x) + 2*i(x). Let y be q(4). Calculate the highest common divisor of y and 90.
10
Supp